tors of m?
2, 43
Suppose -16*g = -4*g + 84. Let v be 1/g + (-220)/28. Let n(u) = u**2 + 6*u + 15. List the prime factors of n(v).
31
Let z(a) = 23*a**2 + 3*a + 2. Let u = -40 - -45. Suppose -4*g + 4*j = -g - 14, 0 = -j - u. What are the prime factors of z(g)?
2, 11
Let z(s) = s - 2. Let u be z(5). Suppose -4*p + 11 - u = 0, 30 = d + 3*p. What are the prime factors of d?
2, 3
Let b = -34591 - -59858. What are the prime factors of b?
11, 2297
Let p(t) = 42*t**2 - 67*t - 3138. What are the prime factors of p(-34)?
2, 11923
Suppose -5*m + 25 = 0, 42 = 4*c - 2*c + 4*m. Let u(s) = -113*s + 202*s + 4*s**2 - 115*s - 10. List the prime factors of u(c).
2, 47
Suppose -5*t + 3*y = -20, 3*y = 5*t - 9*t + 16. Suppose 4*s + 1501 = 5*q - 2*q, t*s + 511 = q. What are the prime factors of q?
3, 5, 11
Let z = -1881 + 91208. What are the prime factors of z?
7, 1823
Let j = 2267 + -693. Let l = j + -820. List the prime factors of l.
2, 13, 29
Let y(g) = g**3 - 7*g**2 - 3*g + 7. Let q(w) = -10*w + 5*w + 1 + 1 - 9. Let z be q(-3). What are the prime factors of y(z)?
47
Let j be (3 + -8)*4/(-1). Suppose -4*l - j = 0, 3 = -4*r + l + 28. Suppose 0 = r*b + 4*t - 364, 6*b - 3*b = -t + 217. List the prime factors of b.
2, 3
Let k = 67 - -144. Suppose 17*u = 16*u + k. List the prime factors of u.
211
Suppose 172*z + 3*v = 177*z - 312780, z + v = 62564. What are the prime factors of z?
3, 7, 331
Suppose -5*s = -3*k, -59*s = -5*k - 56*s + 16. Suppose k*n + 25 = 0, 4*n + 20 = 5*z + 6*n. List the prime factors of z.
2, 3
Suppose -2*j = -3*i + 978, 4*j + 12 = -0*j. What are the prime factors of i?
2, 3
What are the prime factors of 74408172/5229 + 0 + 2/21?
2, 5, 1423
Let n be 5499/15 + (-2)/(-5). Suppose -1381 = -4*t + n. What are the prime factors of t?
19, 23
Let a = 154 + -49. Suppose -q - 2*q - 99 = 0. Let n = a + q. List the prime factors of n.
2, 3
Let s(p) = -1982*p - 1061. What are the prime factors of s(-8)?
5, 11, 269
Let h(g) = 22*g - 321. Let c be h(21). Let f be (29/3)/(1/(-6)). Let x = c + f. What are the prime factors of x?
83
Suppose 0 = 4*c + 3*g - 351, 5*g - 10*g = 5*c - 440. Let z = c + 11. List the prime factors of z.
2, 7
Let v = 6 + -21. Let k = 18 + v. Suppose -y = -k*y + 168. List the prime factors of y.
2, 3, 7
Let l(t) = 17 - 45*t - 2*t**2 - 96*t + 30 + 30*t + 8. List the prime factors of l(-50).
5, 11
Let p = -40817 + 73504. List the prime factors of p.
32687
Suppose 7*u - 15*u + 896 = 0. Let w be (-108)/(-90)*(-10)/(-3). List the prime factors of u*-1*(-2)/w.
2, 7
Let o = 809 - 1233. Let j = 443 - o. What are the prime factors of j?
3, 17
Suppose 8661*u + 57744 = 8677*u. What are the prime factors of u?
3, 401
Suppose 485*w - 88231 = 474*w. What are the prime factors of w?
13, 617
Suppose -3*b = u - b - 675, 0 = -5*u + 2*b + 3375. List the prime factors of 1 + (-8)/2 + -25 + u.
647
Let o(n) = 5 + 45*n - 4 + 3 - 163*n**2 + 185*n**2 + n**3. What are the prime factors of o(-19)?
2, 29
Let n = -267 - -384. Suppose 2*i = -c + n, 6*i = 3*c + 9*i - 366. What are the prime factors of c?
127
Suppose -258*j + 4263840 = -96*j. List the prime factors of j.
2, 5, 7, 47
Suppose -5*i = 4*y - 0*y - 135, -4*y + 5*i = -185. Let v = -37 + y. Suppose v*f - 5*k - 150 = 70, -3*f = 4*k - 202. List the prime factors of f.
2, 5, 7
List the prime factors of (-36 + 0)*36860/(-760).
2, 3, 97
Suppose -670*j - 32970 = -677*j. Suppose 5*s = -5*s + j. List the prime factors of s.
3, 157
Let g(v) = 388*v + 501. List the prime factors of g(10).
13, 337
Let p be 0 - 5/(10/(-4)). Let x(u) = -6 - 2*u + p*u**2 - u - 3*u - 3*u - 2*u**3. List the prime factors of x(-4).
2, 5, 19
Let k = 1270 + -747. Suppose -62 = -3*x + k. What are the prime factors of x?
3, 5, 13
Let j(f) = 443*f + 957. Let h(u) = -89*u - 191. Let o(s) = 11*h(s) + 2*j(s). What are the prime factors of o(-14)?
5, 223
Suppose 42*z - 2716 = 38*z. Let s = z + -369. What are the prime factors of s?
2, 5, 31
Let v(h) be the second derivative of -h**3 - 15*h**2 - 14*h. Let j be v(10). Let b = j - -128. What are the prime factors of b?
2, 19
Let t(m) = 1068*m - 1678. What are the prime factors of t(6)?
2, 5, 11, 43
Let w be (-11)/((20/44)/(-5)). Suppose -k + w = 40. Suppose -k = -p - 1. What are the prime factors of p?
2, 5
Let g(u) = -12*u**3 - 29*u**2 - 24*u + 192. What are the prime factors of g(-10)?
2, 2383
Suppose 0 = 2*t - 7 + 3. Let a(w) = -67*w**2 + 68*w**2 + t*w + 2*w + 4 - 1 - 37*w**3. What are the prime factors of a(-1)?
37
Let n(l) = -26*l - l**2 - 21 + 12*l**2 - 12*l**2. List the prime factors of n(-25).
2
Suppose -3*r + 6 = 2*x - 5, -x - 2 = 0. Suppose b - 1327 = -3*o - o, 5*b - 1655 = -r*o. What are the prime factors of o?
2, 83
Suppose 337186 = 35*u + 18*u. List the prime factors of u.
2, 3181
Suppose 5*h = -7*h + 156. Let v be (-1)/(-2) - 2/4. Let d = v + h. List the prime factors of d.
13
Let y(v) = -3*v**3 - 3*v**2 - 10*v - 10. Suppose -3*f - 4*j - 12 = -0*j, 2*f = -4*j - 8. List the prime factors of y(f).
2, 3, 29
Suppose -7 = 2*b + 3*f - 34, 51 = 5*b + 2*f. Let x(d) = d**3 - 6*d**2 - 2*d + 26. List the prime factors of x(b).
251
Let n be 0 + (-1)/((-3)/3). Let c be -2*n*9/(9/(-74)). Let g = c - -6. What are the prime factors of g?
2, 7, 11
Suppose 0 = -g + 8*z + 61521, 0 = 2*z - 7 + 9. What are the prime factors of g?
137, 449
Suppose 29*x = 4*x + 60025. List the prime factors of x.
7
List the prime factors of 132/48 - 961570/(-40).
2, 3, 4007
Suppose -662216 - 611051 = -139*j - 8089. List the prime factors of j.
2, 3, 37, 41
Let a = -162 + 165. What are the prime factors of 285 + (-1*a/(-1) - 1)?
7, 41
Let w(f) = -f**2 - 9*f + 21. Let i be w(-11). Let y(z) = -4*z**3 - 2*z**2 - 2*z - 1. Let o be y(i). Suppose -439 = -o*g - 187. List the prime factors of g.
2, 3, 7
Suppose -8*r = -5*r + 33. Let j(i) = i + 13. What are the prime factors of j(r)?
2
What are the prime factors of (1/((-3)/(-12653)))/(55/165)?
12653
Let v(t) = -t**2 + 9*t + 114. Let p be v(-7). Suppose 5*r = 10*r + 2*k - 871, 3*r - p*k = 513. List the prime factors of r.
173
Suppose 0 = -2*d + 5*l + 367, l = d - 345 + 154. List the prime factors of d.
2, 7
Let q(z) = z + 29. Let h(i) = -2*i**2 + i + 9. Let b be h(4). Let v be q(b). Let f(d) = d**2 - 3*d - 14. List the prime factors of f(v).
2, 7
Let m be ((-18)/(-9))/2 + 9. List the prime factors of m/10 + -9 - -1021.
1013
Suppose 2*i - 716*o = -720*o + 54886, -54886 = -2*i + 5*o. List the prime factors of i.
13, 2111
Let x(j) = 1092*j**2 - 2. Let v(c) = c**2 + 10*c - 1. Let n be v(-10). What are the prime factors of x(n)?
2, 5, 109
Let a(n) = 327*n**2 + 25*n + 8. Let g(q) = 109*q**2 + 8*q + 3. Let i(f) = 3*a(f) - 8*g(f). Let w be i(-2). Let r = w - 291. What are the prime factors of r?
3, 41
Let a = 42 - 69. Let n = a - -31. Suppose -3*m + n*m = 128. List the prime factors of m.
2
Let s(y) = -2*y**2 - y - 14. Let c(u) = -5*u**2 - 3*u - 29. Let w(a) = -3*c(a) + 7*s(a). List the prime factors of w(12).
157
Let c = 59 + -59. Suppose p - 3*p + 16 = c. Suppose 5*h - 451 = 3*i, 2*h = -p*i + 6*i + 174. List the prime factors of h.
89
Let l(h) = 892*h**2 + 275*h - 1676. What are the prime factors of l(6)?
2, 61, 263
Let m = -2923 - -5581. What are the prime factors of m?
2, 3, 443
Let u = -3422 - -5097. Suppose 3*k - u = -2*k - 5*h, 5*k + h - 1675 = 0. List the prime factors of k.
5, 67
Let g = 1891 + -779. Let o = -653 + g. What are the prime factors of o?
3, 17
Let m = -17905 - -47002. What are the prime factors of m?
3, 53, 61
Suppose -12309 = -2*q + 5*d, -15*q + 17*q + 3*d - 12269 = 0. List the prime factors of q.
2, 37, 83
Suppose 143*o - 2*x - 175378 = 140*o, -4*o + 233828 = -5*x. What are the prime factors of o?
2, 29231
Suppose -4*v + 5*v - 22181 = -3*t, -5*t - 2*v + 36968 = 0. What are the prime factors of t?
2, 3697
Suppose 2*k = 2*p + 64940, 0 = k - 79*p + 76*p - 32462. List the prime factors of k.
2, 13, 1249
Suppose -2*r + 2*t = -12788, 0 = 98*r - 102*r + t + 25582. List the prime factors of r.
2, 3, 13, 41
Let m = 25743 + -4726. List the prime factors of m.
21017
Let w be -3*(-15)/(-18)*-16. Let b = w - 47. Let x(g) = 2*g**2 - 9. List the prime factors of x(b).
89
Suppose f = -5 + 6. What are the prime factors of 444 - (f - 0 - (11 + -13))?
3, 7
Let k be 2/(-55)*5 + 55180/22. Let y =